{"id":3068,"date":"2023-11-07T10:12:25","date_gmt":"2023-11-07T09:12:25","guid":{"rendered":"https:\/\/l2fa.fr\/?page_id=3068"},"modified":"2024-03-04T17:47:01","modified_gmt":"2024-03-04T16:47:01","slug":"championnat-idf","status":"publish","type":"page","link":"https:\/\/l2fa.fr\/index.php\/championnat-idf\/","title":{"rendered":"CHAMPIONNAT IDF"},"content":{"rendered":"\n<h2 class=\"wp-block-heading has-text-align-center\">Saison R\u00e9guli\u00e8re<\/h2>\n\n\n<div class=\"sportspress\"><div class=\"sp-template sp-template-league-table\">\n\t<h4 class=\"sp-table-caption\">Classement IDF R1<\/h4><div class=\"sp-table-wrapper\"><table class=\"sp-league-table sp-league-table-203 sp-data-table sp-sortable-table sp-scrollable-table sp-paginated-table\" data-sp-rows=\"10\"><thead><tr><th class=\"data-rank\">Pos<\/th><th class=\"data-name\">\u00c9quipe<\/th><th class=\"data-w\">W<\/th><th class=\"data-l\">L<\/th><th class=\"data-t\">T<\/th><th class=\"data-pf\">PF<\/th><th class=\"data-pa\">PA<\/th><th class=\"data-netpts\">Net Pts<\/th><\/tr><\/thead><tbody><tr class=\"odd sp-row-no-0\"><td class=\"data-rank\" data-label=\"Pos\">1<\/td><td class=\"data-name has-logo\" data-label=\"\u00c9quipe\"><span class=\"team-logo\"><img loading=\"lazy\" decoding=\"async\" width=\"128\" height=\"128\" src=\"https:\/\/l2fa.fr\/wp-content\/uploads\/2019\/06\/cougars-128x128.png\" class=\"attachment-sportspress-fit-icon size-sportspress-fit-icon wp-post-image\" alt=\"\" \/><\/span>Cougars B\/Pendragons<\/td><td class=\"data-w\" data-label=\"W\">6<\/td><td class=\"data-l\" data-label=\"L\">0<\/td><td class=\"data-t\" data-label=\"T\">0<\/td><td class=\"data-pf\" data-label=\"PF\">160<\/td><td class=\"data-pa\" data-label=\"PA\">18<\/td><td class=\"data-netpts\" data-label=\"Net Pts\">142<\/td><\/tr><tr class=\"even sp-row-no-1\"><td class=\"data-rank\" data-label=\"Pos\">2<\/td><td class=\"data-name has-logo\" data-label=\"\u00c9quipe\"><span class=\"team-logo\"><img loading=\"lazy\" decoding=\"async\" width=\"128\" height=\"115\" src=\"https:\/\/l2fa.fr\/wp-content\/uploads\/2019\/06\/mousquetaires.png\" class=\"attachment-sportspress-fit-icon size-sportspress-fit-icon wp-post-image\" alt=\"\" \/><\/span>Mousquetaires\/89ers<\/td><td class=\"data-w\" data-label=\"W\">5<\/td><td class=\"data-l\" data-label=\"L\">1<\/td><td class=\"data-t\" data-label=\"T\">0<\/td><td class=\"data-pf\" data-label=\"PF\">156<\/td><td class=\"data-pa\" data-label=\"PA\">31<\/td><td class=\"data-netpts\" data-label=\"Net Pts\">125<\/td><\/tr><tr class=\"odd sp-row-no-2\"><td class=\"data-rank\" data-label=\"Pos\">3<\/td><td class=\"data-name has-logo\" data-label=\"\u00c9quipe\"><span class=\"team-logo\"><img loading=\"lazy\" decoding=\"async\" width=\"128\" height=\"117\" src=\"https:\/\/l2fa.fr\/wp-content\/uploads\/2019\/06\/molosses-1.png\" class=\"attachment-sportspress-fit-icon size-sportspress-fit-icon wp-post-image\" alt=\"\" \/><\/span>Molosses B\/Gaulois<\/td><td class=\"data-w\" data-label=\"W\">4<\/td><td class=\"data-l\" data-label=\"L\">2<\/td><td class=\"data-t\" data-label=\"T\">0<\/td><td class=\"data-pf\" data-label=\"PF\">90<\/td><td class=\"data-pa\" data-label=\"PA\">41<\/td><td class=\"data-netpts\" data-label=\"Net Pts\">49<\/td><\/tr><tr class=\"even sp-row-no-3\"><td class=\"data-rank\" data-label=\"Pos\">4<\/td><td class=\"data-name has-logo\" data-label=\"\u00c9quipe\"><span class=\"team-logo\"><img loading=\"lazy\" decoding=\"async\" width=\"90\" height=\"128\" src=\"https:\/\/l2fa.fr\/wp-content\/uploads\/2023\/11\/bucks-logo-90x128.jpg\" class=\"attachment-sportspress-fit-icon size-sportspress-fit-icon wp-post-image\" alt=\"\" \/><\/span>Bucks<\/td><td class=\"data-w\" data-label=\"W\">3<\/td><td class=\"data-l\" data-label=\"L\">3<\/td><td class=\"data-t\" data-label=\"T\">0<\/td><td class=\"data-pf\" data-label=\"PF\">56<\/td><td class=\"data-pa\" data-label=\"PA\">103<\/td><td class=\"data-netpts\" data-label=\"Net Pts\">-47<\/td><\/tr><tr class=\"odd sp-row-no-4\"><td class=\"data-rank\" data-label=\"Pos\">5<\/td><td class=\"data-name\" data-label=\"\u00c9quipe\">Saints<\/td><td class=\"data-w\" data-label=\"W\">2<\/td><td class=\"data-l\" data-label=\"L\">4<\/td><td class=\"data-t\" data-label=\"T\">0<\/td><td class=\"data-pf\" data-label=\"PF\">77<\/td><td class=\"data-pa\" data-label=\"PA\">119<\/td><td class=\"data-netpts\" data-label=\"Net Pts\">-42<\/td><\/tr><tr class=\"even sp-row-no-5\"><td class=\"data-rank\" data-label=\"Pos\">6<\/td><td class=\"data-name has-logo\" data-label=\"\u00c9quipe\"><span class=\"team-logo\"><img loading=\"lazy\" decoding=\"async\" width=\"114\" height=\"128\" src=\"https:\/\/l2fa.fr\/wp-content\/uploads\/2019\/06\/ogres-114x128.png\" class=\"attachment-sportspress-fit-icon size-sportspress-fit-icon wp-post-image\" alt=\"\" \/><\/span>Ogres<\/td><td class=\"data-w\" data-label=\"W\">1<\/td><td class=\"data-l\" data-label=\"L\">5<\/td><td class=\"data-t\" data-label=\"T\">0<\/td><td class=\"data-pf\" data-label=\"PF\">24<\/td><td class=\"data-pa\" data-label=\"PA\">143<\/td><td class=\"data-netpts\" data-label=\"Net Pts\">-119<\/td><\/tr><tr class=\"odd sp-row-no-6\"><td class=\"data-rank\" data-label=\"Pos\">7<\/td><td class=\"data-name has-logo\" data-label=\"\u00c9quipe\"><span class=\"team-logo\"><img loading=\"lazy\" decoding=\"async\" width=\"128\" height=\"128\" src=\"https:\/\/l2fa.fr\/wp-content\/uploads\/2019\/06\/Gladiateurs_logo-128x128.png\" class=\"attachment-sportspress-fit-icon size-sportspress-fit-icon wp-post-image\" alt=\"\" \/><\/span>Gladiateurs B<\/td><td class=\"data-w\" data-label=\"W\">0<\/td><td class=\"data-l\" data-label=\"L\">6<\/td><td class=\"data-t\" data-label=\"T\">0<\/td><td class=\"data-pf\" data-label=\"PF\">0<\/td><td class=\"data-pa\" data-label=\"PA\">108<\/td><td class=\"data-netpts\" data-label=\"Net Pts\">-108<\/td><\/tr><\/tbody><\/table><\/div><\/div>\n<\/div>\n\n\n\n<div style=\"height:100px\" aria-hidden=\"true\" class=\"wp-block-spacer\"><\/div>\n\n\n\n<h2 class=\"wp-block-heading has-text-align-center\">CALENDRIER<\/h2>\n\n\n\n<div style=\"height:100px\" aria-hidden=\"true\" class=\"wp-block-spacer\"><\/div>\n\n\n\n<h2 class=\"wp-block-heading has-text-align-center\">Journ\u00e9e 1<\/h2>\n\n\n\n<p><\/p>\n\n\n\n<h2 class=\"wp-block-heading\">Samedi 2 D\u00e9cembre 2023<\/h2>\n\n\n<div class=\"sportspress\"><div class=\"sp-template sp-template-event-logos sp-template-event-logos-inline\"><div class=\"sp-event-logos sp-event-logos-2\"><span class=\"sp-team-logo\"><strong class=\"sp-team-name\">Molosses B\/Gaulois<\/strong> <img loading=\"lazy\" decoding=\"async\" width=\"128\" height=\"117\" src=\"https:\/\/l2fa.fr\/wp-content\/uploads\/2019\/06\/molosses-1.png\" class=\"attachment-sportspress-fit-icon size-sportspress-fit-icon wp-post-image\" alt=\"\" \/><\/span> vs <span class=\"sp-team-logo\"><img loading=\"lazy\" decoding=\"async\" width=\"128\" height=\"128\" src=\"https:\/\/l2fa.fr\/wp-content\/uploads\/2019\/06\/cougars-128x128.png\" class=\"attachment-sportspress-fit-icon size-sportspress-fit-icon wp-post-image\" alt=\"\" \/> <strong class=\"sp-team-name\">Cougars B\/Pendragons<\/strong><\/span><\/div><\/div><\/div>\n\n\n\n<p class=\"has-text-align-center\"><strong>00 &#8211; 15<\/strong><\/p>\n\n\n\n<p><\/p>\n\n\n\n<h2 class=\"wp-block-heading\">Samedi 2 D\u00e9cembre 2023<\/h2>\n\n\n<div class=\"sportspress\"><div class=\"sp-template sp-template-event-logos sp-template-event-logos-inline\"><div class=\"sp-event-logos sp-event-logos-2\"><span class=\"sp-team-logo\"><strong class=\"sp-team-name\">Saints<\/strong> <\/span> vs <span class=\"sp-team-logo\"><img loading=\"lazy\" decoding=\"async\" width=\"128\" height=\"115\" src=\"https:\/\/l2fa.fr\/wp-content\/uploads\/2019\/06\/mousquetaires.png\" class=\"attachment-sportspress-fit-icon size-sportspress-fit-icon wp-post-image\" alt=\"\" \/> <strong class=\"sp-team-name\">Mousquetaires\/89ers<\/strong><\/span><\/div><\/div><\/div>\n\n\n\n<p class=\"has-text-align-center\"><strong>00 &#8211; <\/strong>34<\/p>\n\n\n\n<p><\/p>\n\n\n\n<h2 class=\"wp-block-heading\">Samedi 2 D\u00e9cembre 2023<\/h2>\n\n\n<div class=\"sportspress\"><div class=\"sp-template sp-template-event-logos sp-template-event-logos-inline\"><div class=\"sp-event-logos sp-event-logos-2\"><span class=\"sp-team-logo\"><strong class=\"sp-team-name\">Ogres<\/strong> <img loading=\"lazy\" decoding=\"async\" width=\"114\" height=\"128\" src=\"https:\/\/l2fa.fr\/wp-content\/uploads\/2019\/06\/ogres-114x128.png\" class=\"attachment-sportspress-fit-icon size-sportspress-fit-icon wp-post-image\" alt=\"\" \/><\/span> vs <span class=\"sp-team-logo\"><img loading=\"lazy\" decoding=\"async\" width=\"90\" height=\"128\" src=\"https:\/\/l2fa.fr\/wp-content\/uploads\/2023\/11\/bucks-logo-90x128.jpg\" class=\"attachment-sportspress-fit-icon size-sportspress-fit-icon wp-post-image\" alt=\"\" \/> <strong class=\"sp-team-name\">Bucks<\/strong><\/span><\/div><\/div><\/div>\n\n\n\n<p class=\"has-text-align-center\"><strong>00 &#8211; <\/strong>18<\/p>\n\n\n\n<div style=\"height:100px\" aria-hidden=\"true\" class=\"wp-block-spacer\"><\/div>\n\n\n\n<h2 class=\"wp-block-heading has-text-align-center\">Journ\u00e9e 2<\/h2>\n\n\n\n<p><\/p>\n\n\n\n<h2 class=\"wp-block-heading\">Samedi 16 D\u00e9cembre 2023<\/h2>\n\n\n<div class=\"sportspress\"><div class=\"sp-template sp-template-event-logos sp-template-event-logos-inline\"><div class=\"sp-event-logos sp-event-logos-2\"><span class=\"sp-team-logo\"><strong class=\"sp-team-name\">Saints<\/strong> <\/span> vs <span class=\"sp-team-logo\"><img loading=\"lazy\" decoding=\"async\" width=\"114\" height=\"128\" src=\"https:\/\/l2fa.fr\/wp-content\/uploads\/2019\/06\/ogres-114x128.png\" class=\"attachment-sportspress-fit-icon size-sportspress-fit-icon wp-post-image\" alt=\"\" \/> <strong class=\"sp-team-name\">Ogres<\/strong><\/span><\/div><\/div><\/div>\n\n\n\n<p class=\"has-text-align-center\"><strong>53 &#8211; 6<\/strong><\/p>\n\n\n\n<p><\/p>\n\n\n\n<h2 class=\"wp-block-heading\">Samedi 16 D\u00e9cembre 2023<\/h2>\n\n\n<div class=\"sportspress\"><div class=\"sp-template sp-template-event-logos sp-template-event-logos-inline\"><div class=\"sp-event-logos sp-event-logos-2\"><span class=\"sp-team-logo\"><strong class=\"sp-team-name\">Molosses B\/Gaulois<\/strong> <img loading=\"lazy\" decoding=\"async\" width=\"128\" height=\"117\" src=\"https:\/\/l2fa.fr\/wp-content\/uploads\/2019\/06\/molosses-1.png\" class=\"attachment-sportspress-fit-icon size-sportspress-fit-icon wp-post-image\" alt=\"\" \/><\/span> vs <span class=\"sp-team-logo\"><img loading=\"lazy\" decoding=\"async\" width=\"90\" height=\"128\" src=\"https:\/\/l2fa.fr\/wp-content\/uploads\/2023\/11\/bucks-logo-90x128.jpg\" class=\"attachment-sportspress-fit-icon size-sportspress-fit-icon wp-post-image\" alt=\"\" \/> <strong class=\"sp-team-name\">Bucks<\/strong><\/span><\/div><\/div><\/div>\n\n\n\n<p class=\"has-text-align-center\"><strong>20 &#8211; 6<\/strong><\/p>\n\n\n\n<p><\/p>\n\n\n\n<h2 class=\"wp-block-heading\">Samedi 16 D\u00e9cembre 2023<\/h2>\n\n\n<div class=\"sportspress\"><div class=\"sp-template sp-template-event-logos sp-template-event-logos-inline\"><div class=\"sp-event-logos sp-event-logos-2\"><span class=\"sp-team-logo\"><strong class=\"sp-team-name\">Cougars B\/Pendragons<\/strong> <img loading=\"lazy\" decoding=\"async\" width=\"128\" height=\"128\" src=\"https:\/\/l2fa.fr\/wp-content\/uploads\/2019\/06\/cougars-128x128.png\" class=\"attachment-sportspress-fit-icon size-sportspress-fit-icon wp-post-image\" alt=\"\" \/><\/span> vs <span class=\"sp-team-logo\"><img loading=\"lazy\" decoding=\"async\" width=\"128\" height=\"128\" src=\"https:\/\/l2fa.fr\/wp-content\/uploads\/2019\/06\/Gladiateurs_logo-128x128.png\" class=\"attachment-sportspress-fit-icon size-sportspress-fit-icon wp-post-image\" alt=\"\" \/> <strong class=\"sp-team-name\">Gladiateurs B<\/strong><\/span><\/div><\/div><\/div>\n\n\n\n<p class=\"has-text-align-center\"><strong>00- 12<\/strong><\/p>\n\n\n\n<p><\/p>\n\n\n\n<div style=\"height:100px\" aria-hidden=\"true\" class=\"wp-block-spacer\"><\/div>\n\n\n\n<h2 class=\"wp-block-heading\">Journ\u00e9e 3<\/h2>\n\n\n\n<p><\/p>\n\n\n\n<h2 class=\"wp-block-heading\">Dimanche 3 Mars 2023<\/h2>\n\n\n<div class=\"sportspress\"><div class=\"sp-template sp-template-event-logos sp-template-event-logos-inline\"><div class=\"sp-event-logos sp-event-logos-2\"><span class=\"sp-team-logo\"><strong class=\"sp-team-name\">Gladiateurs B<\/strong> <img loading=\"lazy\" decoding=\"async\" width=\"128\" height=\"128\" src=\"https:\/\/l2fa.fr\/wp-content\/uploads\/2019\/06\/Gladiateurs_logo-128x128.png\" class=\"attachment-sportspress-fit-icon size-sportspress-fit-icon wp-post-image\" alt=\"\" \/><\/span> vs <span class=\"sp-team-logo\"><img loading=\"lazy\" decoding=\"async\" width=\"128\" height=\"115\" src=\"https:\/\/l2fa.fr\/wp-content\/uploads\/2019\/06\/mousquetaires.png\" class=\"attachment-sportspress-fit-icon size-sportspress-fit-icon wp-post-image\" alt=\"\" \/> <strong class=\"sp-team-name\">Mousquetaires\/89ers<\/strong><\/span><\/div><\/div><\/div>\n\n\n\n<p class=\"has-text-align-center\">8 &#8211; 00<\/p>\n\n\n\n<p><\/p>\n\n\n\n<h2 class=\"wp-block-heading\">Samedi 2 Mars 2023<\/h2>\n\n\n<div class=\"sportspress\"><div class=\"sp-template sp-template-event-logos sp-template-event-logos-inline\"><div class=\"sp-event-logos sp-event-logos-2\"><span class=\"sp-team-logo\"><strong class=\"sp-team-name\">Cougars B\/Pendragons<\/strong> <img loading=\"lazy\" decoding=\"async\" width=\"128\" height=\"128\" src=\"https:\/\/l2fa.fr\/wp-content\/uploads\/2019\/06\/cougars-128x128.png\" class=\"attachment-sportspress-fit-icon size-sportspress-fit-icon wp-post-image\" alt=\"\" \/><\/span> vs <span class=\"sp-team-logo\"><img loading=\"lazy\" decoding=\"async\" width=\"90\" height=\"128\" src=\"https:\/\/l2fa.fr\/wp-content\/uploads\/2023\/11\/bucks-logo-90x128.jpg\" class=\"attachment-sportspress-fit-icon size-sportspress-fit-icon wp-post-image\" alt=\"\" \/> <strong class=\"sp-team-name\">Bucks<\/strong><\/span><\/div><\/div><\/div>\n\n\n\n<p class=\"has-text-align-center\">47- 00<\/p>\n\n\n\n<p><\/p>\n\n\n\n<h2 class=\"wp-block-heading\">Samedi 2 Mars 2023<\/h2>\n\n\n<div class=\"sportspress\"><div class=\"sp-template sp-template-event-logos sp-template-event-logos-inline\"><div class=\"sp-event-logos sp-event-logos-2\"><span class=\"sp-team-logo\"><strong class=\"sp-team-name\">Molosses B\/Gaulois<\/strong> <img loading=\"lazy\" decoding=\"async\" width=\"128\" height=\"117\" src=\"https:\/\/l2fa.fr\/wp-content\/uploads\/2019\/06\/molosses-1.png\" class=\"attachment-sportspress-fit-icon size-sportspress-fit-icon wp-post-image\" alt=\"\" \/><\/span> vs <span class=\"sp-team-logo\"> <strong class=\"sp-team-name\">Saints<\/strong><\/span><\/div><\/div><\/div>\n\n\n\n<p class=\"has-text-align-center\">XX &#8211; XX<\/p>\n","protected":false},"excerpt":{"rendered":"<p>Saison R\u00e9guli\u00e8re CALENDRIER Journ\u00e9e 1 Samedi 2 D\u00e9cembre 2023 00 &#8211; 15 Samedi 2 D\u00e9cembre 2023 00 &#8211; 34 Samedi 2 D\u00e9cembre 2023 00 &#8211; 18 Journ\u00e9e 2 Samedi 16 D\u00e9cembre 2023 53 &#8211; 6 Samedi 16 D\u00e9cembre 2023 20 &#8211; 6 Samedi 16 D\u00e9cembre 2023 00- 12 Journ\u00e9e 3 Dimanche 3 Mars 2023 8 [&hellip;]<\/p>\n","protected":false},"author":1,"featured_media":0,"parent":0,"menu_order":0,"comment_status":"closed","ping_status":"closed","template":"","meta":{"footnotes":""},"yoast_head":"<!-- This site is optimized with the Yoast SEO plugin v20.1 - https:\/\/yoast.com\/wordpress\/plugins\/seo\/ -->\n<title>CHAMPIONNAT IDF &mdash; LFFA<\/title>\n<meta name=\"robots\" content=\"index, follow, max-snippet:-1, max-image-preview:large, max-video-preview:-1\" \/>\n<link rel=\"canonical\" href=\"https:\/\/l2fa.fr\/index.php\/championnat-idf\/\" \/>\n<meta property=\"og:locale\" content=\"fr_FR\" \/>\n<meta property=\"og:type\" content=\"article\" \/>\n<meta property=\"og:title\" content=\"CHAMPIONNAT IDF &mdash; LFFA\" \/>\n<meta property=\"og:description\" content=\"Saison R\u00e9guli\u00e8re CALENDRIER Journ\u00e9e 1 Samedi 2 D\u00e9cembre 2023 00 &#8211; 15 Samedi 2 D\u00e9cembre 2023 00 &#8211; 34 Samedi 2 D\u00e9cembre 2023 00 &#8211; 18 Journ\u00e9e 2 Samedi 16 D\u00e9cembre 2023 53 &#8211; 6 Samedi 16 D\u00e9cembre 2023 20 &#8211; 6 Samedi 16 D\u00e9cembre 2023 00- 12 Journ\u00e9e 3 Dimanche 3 Mars 2023 8 [&hellip;]\" \/>\n<meta property=\"og:url\" content=\"https:\/\/l2fa.fr\/index.php\/championnat-idf\/\" \/>\n<meta property=\"og:site_name\" content=\"LFFA\" \/>\n<meta property=\"article:publisher\" content=\"https:\/\/www.facebook.com\/ETR-LFFA-1671643706485112\/\" \/>\n<meta property=\"article:modified_time\" content=\"2024-03-04T16:47:01+00:00\" \/>\n<meta name=\"twitter:card\" content=\"summary_large_image\" \/>\n<meta name=\"twitter:label1\" content=\"Dur\u00e9e de lecture estim\u00e9e\" \/>\n\t<meta name=\"twitter:data1\" content=\"1 minute\" \/>\n<script type=\"application\/ld+json\" class=\"yoast-schema-graph\">{\"@context\":\"https:\/\/schema.org\",\"@graph\":[{\"@type\":\"WebPage\",\"@id\":\"https:\/\/l2fa.fr\/index.php\/championnat-idf\/\",\"url\":\"https:\/\/l2fa.fr\/index.php\/championnat-idf\/\",\"name\":\"CHAMPIONNAT IDF &mdash; LFFA\",\"isPartOf\":{\"@id\":\"https:\/\/l2fa.fr\/#website\"},\"datePublished\":\"2023-11-07T09:12:25+00:00\",\"dateModified\":\"2024-03-04T16:47:01+00:00\",\"breadcrumb\":{\"@id\":\"https:\/\/l2fa.fr\/index.php\/championnat-idf\/#breadcrumb\"},\"inLanguage\":\"fr-FR\",\"potentialAction\":[{\"@type\":\"ReadAction\",\"target\":[\"https:\/\/l2fa.fr\/index.php\/championnat-idf\/\"]}]},{\"@type\":\"BreadcrumbList\",\"@id\":\"https:\/\/l2fa.fr\/index.php\/championnat-idf\/#breadcrumb\",\"itemListElement\":[{\"@type\":\"ListItem\",\"position\":1,\"name\":\"Accueil\",\"item\":\"https:\/\/l2fa.fr\/\"},{\"@type\":\"ListItem\",\"position\":2,\"name\":\"CHAMPIONNAT IDF\"}]},{\"@type\":\"WebSite\",\"@id\":\"https:\/\/l2fa.fr\/#website\",\"url\":\"https:\/\/l2fa.fr\/\",\"name\":\"LFFA\",\"description\":\"Site officiel de la Ligue Francilienne de Football Am\u00e9ricain, de Flag Football et de Cheerleading\",\"publisher\":{\"@id\":\"https:\/\/l2fa.fr\/#organization\"},\"potentialAction\":[{\"@type\":\"SearchAction\",\"target\":{\"@type\":\"EntryPoint\",\"urlTemplate\":\"https:\/\/l2fa.fr\/?s={search_term_string}\"},\"query-input\":\"required name=search_term_string\"}],\"inLanguage\":\"fr-FR\"},{\"@type\":\"Organization\",\"@id\":\"https:\/\/l2fa.fr\/#organization\",\"name\":\"l2fa\",\"url\":\"https:\/\/l2fa.fr\/\",\"logo\":{\"@type\":\"ImageObject\",\"inLanguage\":\"fr-FR\",\"@id\":\"https:\/\/l2fa.fr\/#\/schema\/logo\/image\/\",\"url\":\"http:\/\/l2fa.fr\/wp-content\/uploads\/2019\/05\/logo-LFFA_shadow-e1559319879386.png\",\"contentUrl\":\"http:\/\/l2fa.fr\/wp-content\/uploads\/2019\/05\/logo-LFFA_shadow-e1559319879386.png\",\"width\":500,\"height\":559,\"caption\":\"l2fa\"},\"image\":{\"@id\":\"https:\/\/l2fa.fr\/#\/schema\/logo\/image\/\"},\"sameAs\":[\"https:\/\/www.facebook.com\/ETR-LFFA-1671643706485112\/\"]}]}<\/script>\n<!-- \/ Yoast SEO plugin. -->","yoast_head_json":{"title":"CHAMPIONNAT IDF &mdash; LFFA","robots":{"index":"index","follow":"follow","max-snippet":"max-snippet:-1","max-image-preview":"max-image-preview:large","max-video-preview":"max-video-preview:-1"},"canonical":"https:\/\/l2fa.fr\/index.php\/championnat-idf\/","og_locale":"fr_FR","og_type":"article","og_title":"CHAMPIONNAT IDF &mdash; LFFA","og_description":"Saison R\u00e9guli\u00e8re CALENDRIER Journ\u00e9e 1 Samedi 2 D\u00e9cembre 2023 00 &#8211; 15 Samedi 2 D\u00e9cembre 2023 00 &#8211; 34 Samedi 2 D\u00e9cembre 2023 00 &#8211; 18 Journ\u00e9e 2 Samedi 16 D\u00e9cembre 2023 53 &#8211; 6 Samedi 16 D\u00e9cembre 2023 20 &#8211; 6 Samedi 16 D\u00e9cembre 2023 00- 12 Journ\u00e9e 3 Dimanche 3 Mars 2023 8 [&hellip;]","og_url":"https:\/\/l2fa.fr\/index.php\/championnat-idf\/","og_site_name":"LFFA","article_publisher":"https:\/\/www.facebook.com\/ETR-LFFA-1671643706485112\/","article_modified_time":"2024-03-04T16:47:01+00:00","twitter_card":"summary_large_image","twitter_misc":{"Dur\u00e9e de lecture estim\u00e9e":"1 minute"},"schema":{"@context":"https:\/\/schema.org","@graph":[{"@type":"WebPage","@id":"https:\/\/l2fa.fr\/index.php\/championnat-idf\/","url":"https:\/\/l2fa.fr\/index.php\/championnat-idf\/","name":"CHAMPIONNAT IDF &mdash; LFFA","isPartOf":{"@id":"https:\/\/l2fa.fr\/#website"},"datePublished":"2023-11-07T09:12:25+00:00","dateModified":"2024-03-04T16:47:01+00:00","breadcrumb":{"@id":"https:\/\/l2fa.fr\/index.php\/championnat-idf\/#breadcrumb"},"inLanguage":"fr-FR","potentialAction":[{"@type":"ReadAction","target":["https:\/\/l2fa.fr\/index.php\/championnat-idf\/"]}]},{"@type":"BreadcrumbList","@id":"https:\/\/l2fa.fr\/index.php\/championnat-idf\/#breadcrumb","itemListElement":[{"@type":"ListItem","position":1,"name":"Accueil","item":"https:\/\/l2fa.fr\/"},{"@type":"ListItem","position":2,"name":"CHAMPIONNAT IDF"}]},{"@type":"WebSite","@id":"https:\/\/l2fa.fr\/#website","url":"https:\/\/l2fa.fr\/","name":"LFFA","description":"Site officiel de la Ligue Francilienne de Football Am\u00e9ricain, de Flag Football et de Cheerleading","publisher":{"@id":"https:\/\/l2fa.fr\/#organization"},"potentialAction":[{"@type":"SearchAction","target":{"@type":"EntryPoint","urlTemplate":"https:\/\/l2fa.fr\/?s={search_term_string}"},"query-input":"required name=search_term_string"}],"inLanguage":"fr-FR"},{"@type":"Organization","@id":"https:\/\/l2fa.fr\/#organization","name":"l2fa","url":"https:\/\/l2fa.fr\/","logo":{"@type":"ImageObject","inLanguage":"fr-FR","@id":"https:\/\/l2fa.fr\/#\/schema\/logo\/image\/","url":"http:\/\/l2fa.fr\/wp-content\/uploads\/2019\/05\/logo-LFFA_shadow-e1559319879386.png","contentUrl":"http:\/\/l2fa.fr\/wp-content\/uploads\/2019\/05\/logo-LFFA_shadow-e1559319879386.png","width":500,"height":559,"caption":"l2fa"},"image":{"@id":"https:\/\/l2fa.fr\/#\/schema\/logo\/image\/"},"sameAs":["https:\/\/www.facebook.com\/ETR-LFFA-1671643706485112\/"]}]}},"_links":{"self":[{"href":"https:\/\/l2fa.fr\/index.php\/wp-json\/wp\/v2\/pages\/3068"}],"collection":[{"href":"https:\/\/l2fa.fr\/index.php\/wp-json\/wp\/v2\/pages"}],"about":[{"href":"https:\/\/l2fa.fr\/index.php\/wp-json\/wp\/v2\/types\/page"}],"author":[{"embeddable":true,"href":"https:\/\/l2fa.fr\/index.php\/wp-json\/wp\/v2\/users\/1"}],"replies":[{"embeddable":true,"href":"https:\/\/l2fa.fr\/index.php\/wp-json\/wp\/v2\/comments?post=3068"}],"version-history":[{"count":19,"href":"https:\/\/l2fa.fr\/index.php\/wp-json\/wp\/v2\/pages\/3068\/revisions"}],"predecessor-version":[{"id":3280,"href":"https:\/\/l2fa.fr\/index.php\/wp-json\/wp\/v2\/pages\/3068\/revisions\/3280"}],"wp:attachment":[{"href":"https:\/\/l2fa.fr\/index.php\/wp-json\/wp\/v2\/media?parent=3068"}],"curies":[{"name":"wp","href":"https:\/\/api.w.org\/{rel}","templated":true}]}}