{"id":25,"date":"2019-06-03T09:58:08","date_gmt":"2019-06-03T07:58:08","guid":{"rendered":"http:\/\/l2fa.fr\/?page_id=25"},"modified":"2019-10-01T11:37:48","modified_gmt":"2019-10-01T09:37:48","slug":"presentation-de-la-lffa","status":"publish","type":"page","link":"https:\/\/l2fa.fr\/index.php\/presentation-de-la-lffa\/","title":{"rendered":"Pr\u00e9sentation de la LFFA"},"content":{"rendered":"\n<div style=\"height:66px\" aria-hidden=\"true\" class=\"wp-block-spacer\"><\/div>\n\n\n\n<h2 class=\"wp-block-heading\">3 disciplines au sein de la ligue Ile de France<\/h2>\n\n\n\n<div style=\"height:100px\" aria-hidden=\"true\" class=\"wp-block-spacer\"><\/div>\n\n\n\n<ul class=\"wp-block-gallery columns-3 is-cropped wp-block-gallery-1 is-layout-flex wp-block-gallery-is-layout-flex\"><li class=\"blocks-gallery-item\"><figure><img loading=\"lazy\" decoding=\"async\" width=\"971\" height=\"1000\" src=\"http:\/\/l2fa.fr\/wp-content\/uploads\/2019\/06\/finales_senior_idf5.jpg\" alt=\"\" data-id=\"26\" data-link=\"http:\/\/l2fa.fr\/?attachment_id=26\" class=\"wp-image-26\" srcset=\"https:\/\/l2fa.fr\/wp-content\/uploads\/2019\/06\/finales_senior_idf5.jpg 971w, https:\/\/l2fa.fr\/wp-content\/uploads\/2019\/06\/finales_senior_idf5-291x300.jpg 291w, https:\/\/l2fa.fr\/wp-content\/uploads\/2019\/06\/finales_senior_idf5-768x791.jpg 768w\" sizes=\"(max-width: 971px) 100vw, 971px\" \/><\/figure><\/li><li class=\"blocks-gallery-item\"><figure><img loading=\"lazy\" decoding=\"async\" width=\"1024\" height=\"683\" src=\"http:\/\/l2fa.fr\/wp-content\/uploads\/2019\/06\/finales_cheer1-1024x683.jpg\" alt=\"\" data-id=\"27\" data-link=\"http:\/\/l2fa.fr\/?attachment_id=27\" class=\"wp-image-27\" srcset=\"https:\/\/l2fa.fr\/wp-content\/uploads\/2019\/06\/finales_cheer1-1024x683.jpg 1024w, https:\/\/l2fa.fr\/wp-content\/uploads\/2019\/06\/finales_cheer1-300x200.jpg 300w, https:\/\/l2fa.fr\/wp-content\/uploads\/2019\/06\/finales_cheer1-768x512.jpg 768w, https:\/\/l2fa.fr\/wp-content\/uploads\/2019\/06\/finales_cheer1.jpg 1050w\" sizes=\"(max-width: 1024px) 100vw, 1024px\" \/><\/figure><\/li><li class=\"blocks-gallery-item\"><figure><img loading=\"lazy\" decoding=\"async\" width=\"500\" height=\"300\" src=\"http:\/\/l2fa.fr\/wp-content\/uploads\/2019\/06\/100529finales_regionflag92-.jpg\" alt=\"\" data-id=\"28\" data-link=\"http:\/\/l2fa.fr\/?attachment_id=28\" class=\"wp-image-28\" srcset=\"https:\/\/l2fa.fr\/wp-content\/uploads\/2019\/06\/100529finales_regionflag92-.jpg 500w, https:\/\/l2fa.fr\/wp-content\/uploads\/2019\/06\/100529finales_regionflag92--300x180.jpg 300w\" sizes=\"(max-width: 500px) 100vw, 500px\" \/><\/figure><\/li><\/ul>\n\n\n\n<div style=\"height:100px\" aria-hidden=\"true\" class=\"wp-block-spacer\"><\/div>\n\n\n\n<div class=\"wp-block-columns has-2-columns is-layout-flex wp-container-core-columns-is-layout-2 wp-block-columns-is-layout-flex\">\n<div class=\"wp-block-column is-layout-flow wp-block-column-is-layout-flow\">\n<h4 class=\"wp-block-heading\">Football Am\u00e9ricain<\/h4>\n\n\n\n<p>Sport de combat collectif alliant la puissance physique \u00e0 l&rsquo;intelligence tactique, le football am\u00e9ricain, par ses qualit\u00e9s esth\u00e9tiques et son environnement festif, symbolise le concept du sport spectacle moderne.<\/p>\n<\/div>\n\n\n\n<div class=\"wp-block-column is-layout-flow wp-block-column-is-layout-flow\">\n<h4 class=\"wp-block-heading\" id=\"mce_4\">Flag Football<\/h4>\n\n\n\n<p>Sport d\u00e9riv\u00e9 du football am\u00e9ricain o\u00f9 les placages sont remplac\u00e9s par l&rsquo;arrache de foulards accroch\u00e9s \u00e0 la ceinture des joueurs. Le flag est le sport \u00e9ducatif par excellence et permet aux hommes et aux femmes de pratiquer ensemble dans une m\u00eame \u00e9quipe.<\/p>\n\n\n\n<div class=\"wp-block-columns has-2-columns is-layout-flex wp-container-core-columns-is-layout-1 wp-block-columns-is-layout-flex\">\n<div class=\"wp-block-column is-layout-flow wp-block-column-is-layout-flow\">\n<p><\/p>\n<\/div>\n\n\n\n<div class=\"wp-block-column is-layout-flow wp-block-column-is-layout-flow\"><\/div>\n<\/div>\n<\/div>\n<\/div>\n\n\n\n<div class=\"wp-block-columns has-2-columns is-layout-flex wp-container-core-columns-is-layout-3 wp-block-columns-is-layout-flex\">\n<div class=\"wp-block-column is-layout-flow wp-block-column-is-layout-flow\">\n<h4 class=\"wp-block-heading\">Cheerleading<\/h4>\n\n\n\n<p>Le cheerleading fait de danses, d&rsquo;acrobaties et de chants est un sport \u00e0 part enti\u00e8re, avec son championnat et ses comp\u00e9titions. La diff\u00e9rence \u00e9vidente avec les Pom-pom girls si populaires, c&rsquo;est bien l&rsquo;aspect sportif et acrobatique avec moult port\u00e9s, pyramide et autres figures de style, mais aussi la participation active des hommes<\/p>\n<\/div>\n\n\n\n<div class=\"wp-block-column is-layout-flow wp-block-column-is-layout-flow\"><\/div>\n<\/div>\n\n\n\n<div style=\"height:100px\" aria-hidden=\"true\" class=\"wp-block-spacer\"><\/div>\n\n\n\n<table class=\"wp-block-table\"><tbody><tr><td>1996<\/td><td>Cr\u00e9ation du CRIDF (Comit\u00e9 R\u00e9gional Ile de France de Football Am\u00e9ricain)<\/td><\/tr><tr><td>2000<\/td><td>Cr\u00e9ation d&rsquo;un emploi d&rsquo;agent administratif et du poste de cadre technique r\u00e9gional f\u00e9d\u00e9ral. D\u00e9m\u00e9nagement du comit\u00e9 r\u00e9gional \u00e0 Asni\u00e8res sur seine(92) et changement de nom (Comit\u00e9 r\u00e9gional Paris Ile de France de Football am\u00e9ricain)<\/td><\/tr><tr><td>2001<\/td><td>Organisation de la Finale Elite de football am\u00e9ricain au parc des sports de Saint Denus La Courneuve (93)<\/td><\/tr><tr><td>2002<\/td><td>Cr\u00e9ation du championnat Ile de France s\u00e9nior. Organisation au stade de Colombes d&rsquo;une journ\u00e9e de football am\u00e9ricain (finale nationale cadet, rencontre de l&rsquo;\u00e9quipe de France s\u00e9nior contre une universit\u00e9 am\u00e9ricaine) le cap du 2000\u00e8me licenci\u00e9 francilien est atteint.<\/td><\/tr><tr><td>2005<\/td><td>Participation de l&rsquo;\u00e9quipe Ile de France au premier tournoi inter-ligues.<\/td><\/tr><tr><td>2008<\/td><td>Organisation du tournoi EUROFLAG moins de 15, 13 ans \u00e0 Bondoufle (Essonne)<\/td><\/tr><tr><td>2009<\/td><td>1\u00e8re soir\u00e9e des troph\u00e9es \u00e0 Paris pour les clubs franciliens de Football et de Flag. Organisation de la finale Elite de football am\u00e9ricain, de la finale du championnat de France de Cheerleading au stade Michel Hidalgo de Saint Gratien (95)<\/td><\/tr><tr><td>2010<\/td><td>Comit\u00e9 r\u00e9gional Paris Ile de France de Football Am\u00e9ricain, change de nom et devient LFFA (Ligue Francilienne de Football Am\u00e9ricain). LAncement de la soir\u00e9e des \u00e9toiles (pr\u00e9sentation aux m\u00e9dias du championnat de France Elite) Organisation de la soir\u00e9e du Super Bowl \u00e0 Paris<\/td><\/tr><tr><td>Juillet 2010<\/td><td>Ouverture de l&rsquo;IDF CAMP au CDFAS d&rsquo;Eaubonne(95). Stage d&rsquo;une semaine de football am\u00e9ricain ouvert aux cadets et minimes surclass\u00e9s, clinique de coaching.<\/td><\/tr><tr><td>Aout 2011<\/td><td>Ouverture de l&rsquo;IDF CAMP Junior<\/td><\/tr><tr><td>Septembre 2011<\/td><td>Inauguration du Centre d&rsquo;entrainement R\u00e9gional Ile de France au CDFAS d&rsquo;eaubonne (Val d&rsquo;Oise). 21 internes et externes font parties de la 1\u00e8re promotion.<\/td><\/tr><\/tbody><\/table>\n\n\n\n<div style=\"height:100px\" aria-hidden=\"true\" class=\"wp-block-spacer\"><\/div>\n\n\n\n<h3 class=\"wp-block-heading\">Les comit\u00e9s d\u00e9partementaux<\/h3>\n\n\n\n<div style=\"height:100px\" aria-hidden=\"true\" class=\"wp-block-spacer\"><\/div>\n\n\n\n<div class=\"wp-block-columns has-2-columns is-layout-flex wp-container-core-columns-is-layout-4 wp-block-columns-is-layout-flex\">\n<div class=\"wp-block-column is-layout-flow wp-block-column-is-layout-flow\">\n<h4 class=\"wp-block-heading\"><strong>CDFA 77<\/strong><\/h4>\n<\/div>\n\n\n\n<div class=\"wp-block-column is-layout-flow wp-block-column-is-layout-flow\">\n<h4 class=\"wp-block-heading\" id=\"mce_4\">Cdfa 91<\/h4>\n<\/div>\n<\/div>\n\n\n\n<div class=\"wp-block-columns has-2-columns is-layout-flex wp-container-core-columns-is-layout-5 wp-block-columns-is-layout-flex\">\n<div class=\"wp-block-column is-layout-flow wp-block-column-is-layout-flow\">\n<h4 class=\"wp-block-heading\">CDFA 92<\/h4>\n\n\n\n<p>Pdt : Arnaud COUANON-VERTUEUX<\/p>\n\n\n\n<p>10 rue Pierre Brossolette, 92600 Asni\u00e8res sur Seine<\/p>\n<\/div>\n\n\n\n<div class=\"wp-block-column is-layout-flow wp-block-column-is-layout-flow\">\n<h4 class=\"wp-block-heading\">CDFA 93<\/h4>\n\n\n\n<p>Pdt: Bruno LACAM-CARON<\/p>\n\n\n\n<p>Stade G\u00e9o Andr\u00e9, 124 rue Anatole France, 93120 La Courneuve<\/p>\n<\/div>\n<\/div>\n\n\n\n<div class=\"wp-block-columns has-2-columns is-layout-flex wp-container-core-columns-is-layout-6 wp-block-columns-is-layout-flex\">\n<div class=\"wp-block-column is-layout-flow wp-block-column-is-layout-flow\">\n<h4 class=\"wp-block-heading\">CDFA 94<\/h4>\n\n\n\n<p>Pdt : Anne CL\u00c9MENT<\/p>\n\n\n\n<p>110 avenue de Rosny, 94120 Fontenay sous Bois<\/p>\n<\/div>\n\n\n\n<div class=\"wp-block-column is-layout-flow wp-block-column-is-layout-flow\">\n<h4 class=\"wp-block-heading\">CDFA 95<\/h4>\n\n\n\n<p>Pdt : Sylvain DEWITTE<\/p>\n\n\n\n<p>2 all\u00e9e de la tour blondel, 95110 Sannois<\/p>\n<\/div>\n<\/div>\n\n\n\n<div class=\"wp-block-columns has-2-columns is-layout-flex wp-container-core-columns-is-layout-7 wp-block-columns-is-layout-flex\">\n<div class=\"wp-block-column is-layout-flow wp-block-column-is-layout-flow\">\n<h4 class=\"wp-block-heading\">CDFA 78<\/h4>\n\n\n\n<p>Pdt : Flore LEVARDON<\/p>\n<\/div>\n\n\n\n<div class=\"wp-block-column is-layout-flow wp-block-column-is-layout-flow\"><\/div>\n<\/div>\n\n\n\n<div style=\"height:100px\" aria-hidden=\"true\" class=\"wp-block-spacer\"><\/div>\n\n\n\n<figure><iframe loading=\"lazy\" width=\"100%\" height=\"300\" src=\"https:\/\/www.dailymotion.com\/embed\/video\/x77ahi4\" allowfullscreen=\"\"><\/iframe><\/figure>\n\n\n\n<div style=\"height:100px\" aria-hidden=\"true\" class=\"wp-block-spacer\"><\/div>\n","protected":false},"excerpt":{"rendered":"<p>3 disciplines au sein de la ligue Ile de France Football Am\u00e9ricain Sport de combat collectif alliant la puissance physique \u00e0 l&rsquo;intelligence tactique, le football am\u00e9ricain, par ses qualit\u00e9s esth\u00e9tiques et son environnement festif, symbolise le concept du sport spectacle moderne. Flag Football Sport d\u00e9riv\u00e9 du football am\u00e9ricain o\u00f9 les placages sont remplac\u00e9s par l&rsquo;arrache [&hellip;]<\/p>\n","protected":false},"author":1,"featured_media":0,"parent":0,"menu_order":0,"comment_status":"closed","ping_status":"closed","template":"","meta":{"footnotes":""},"yoast_head":"<!-- This site is optimized with the Yoast SEO plugin v20.1 - https:\/\/yoast.com\/wordpress\/plugins\/seo\/ -->\n<title>Pr\u00e9sentation de la LFFA &mdash; LFFA<\/title>\n<meta name=\"robots\" content=\"index, follow, max-snippet:-1, max-image-preview:large, max-video-preview:-1\" \/>\n<link rel=\"canonical\" href=\"http:\/\/l2fa.fr\/index.php\/presentation-de-la-lffa\/\" \/>\n<meta property=\"og:locale\" content=\"fr_FR\" \/>\n<meta property=\"og:type\" content=\"article\" \/>\n<meta property=\"og:title\" content=\"Pr\u00e9sentation de la LFFA &mdash; LFFA\" \/>\n<meta property=\"og:description\" content=\"3 disciplines au sein de la ligue Ile de France Football Am\u00e9ricain Sport de combat collectif alliant la puissance physique \u00e0 l&rsquo;intelligence tactique, le football am\u00e9ricain, par ses qualit\u00e9s esth\u00e9tiques et son environnement festif, symbolise le concept du sport spectacle moderne. Flag Football Sport d\u00e9riv\u00e9 du football am\u00e9ricain o\u00f9 les placages sont remplac\u00e9s par l&rsquo;arrache [&hellip;]\" \/>\n<meta property=\"og:url\" content=\"http:\/\/l2fa.fr\/index.php\/presentation-de-la-lffa\/\" \/>\n<meta property=\"og:site_name\" content=\"LFFA\" \/>\n<meta property=\"article:publisher\" content=\"https:\/\/www.facebook.com\/ETR-LFFA-1671643706485112\/\" \/>\n<meta property=\"article:modified_time\" content=\"2019-10-01T09:37:48+00:00\" \/>\n<meta property=\"og:image\" content=\"http:\/\/l2fa.fr\/wp-content\/uploads\/2019\/06\/finales_senior_idf5.jpg\" \/>\n<meta name=\"twitter:card\" content=\"summary_large_image\" \/>\n<meta name=\"twitter:label1\" content=\"Dur\u00e9e de lecture estim\u00e9e\" \/>\n\t<meta name=\"twitter:data1\" content=\"2 minutes\" \/>\n<script type=\"application\/ld+json\" class=\"yoast-schema-graph\">{\"@context\":\"https:\/\/schema.org\",\"@graph\":[{\"@type\":\"WebPage\",\"@id\":\"http:\/\/l2fa.fr\/index.php\/presentation-de-la-lffa\/\",\"url\":\"http:\/\/l2fa.fr\/index.php\/presentation-de-la-lffa\/\",\"name\":\"Pr\u00e9sentation de la LFFA &mdash; LFFA\",\"isPartOf\":{\"@id\":\"https:\/\/l2fa.fr\/#website\"},\"datePublished\":\"2019-06-03T07:58:08+00:00\",\"dateModified\":\"2019-10-01T09:37:48+00:00\",\"breadcrumb\":{\"@id\":\"http:\/\/l2fa.fr\/index.php\/presentation-de-la-lffa\/#breadcrumb\"},\"inLanguage\":\"fr-FR\",\"potentialAction\":[{\"@type\":\"ReadAction\",\"target\":[\"http:\/\/l2fa.fr\/index.php\/presentation-de-la-lffa\/\"]}]},{\"@type\":\"BreadcrumbList\",\"@id\":\"http:\/\/l2fa.fr\/index.php\/presentation-de-la-lffa\/#breadcrumb\",\"itemListElement\":[{\"@type\":\"ListItem\",\"position\":1,\"name\":\"Accueil\",\"item\":\"https:\/\/l2fa.fr\/\"},{\"@type\":\"ListItem\",\"position\":2,\"name\":\"Pr\u00e9sentation de la LFFA\"}]},{\"@type\":\"WebSite\",\"@id\":\"https:\/\/l2fa.fr\/#website\",\"url\":\"https:\/\/l2fa.fr\/\",\"name\":\"LFFA\",\"description\":\"Site officiel de la Ligue Francilienne de Football Am\u00e9ricain, de Flag Football et de Cheerleading\",\"publisher\":{\"@id\":\"https:\/\/l2fa.fr\/#organization\"},\"potentialAction\":[{\"@type\":\"SearchAction\",\"target\":{\"@type\":\"EntryPoint\",\"urlTemplate\":\"https:\/\/l2fa.fr\/?s={search_term_string}\"},\"query-input\":\"required name=search_term_string\"}],\"inLanguage\":\"fr-FR\"},{\"@type\":\"Organization\",\"@id\":\"https:\/\/l2fa.fr\/#organization\",\"name\":\"l2fa\",\"url\":\"https:\/\/l2fa.fr\/\",\"logo\":{\"@type\":\"ImageObject\",\"inLanguage\":\"fr-FR\",\"@id\":\"https:\/\/l2fa.fr\/#\/schema\/logo\/image\/\",\"url\":\"http:\/\/l2fa.fr\/wp-content\/uploads\/2019\/05\/logo-LFFA_shadow-e1559319879386.png\",\"contentUrl\":\"http:\/\/l2fa.fr\/wp-content\/uploads\/2019\/05\/logo-LFFA_shadow-e1559319879386.png\",\"width\":500,\"height\":559,\"caption\":\"l2fa\"},\"image\":{\"@id\":\"https:\/\/l2fa.fr\/#\/schema\/logo\/image\/\"},\"sameAs\":[\"https:\/\/www.facebook.com\/ETR-LFFA-1671643706485112\/\"]}]}<\/script>\n<!-- \/ Yoast SEO plugin. -->","yoast_head_json":{"title":"Pr\u00e9sentation de la LFFA &mdash; LFFA","robots":{"index":"index","follow":"follow","max-snippet":"max-snippet:-1","max-image-preview":"max-image-preview:large","max-video-preview":"max-video-preview:-1"},"canonical":"http:\/\/l2fa.fr\/index.php\/presentation-de-la-lffa\/","og_locale":"fr_FR","og_type":"article","og_title":"Pr\u00e9sentation de la LFFA &mdash; LFFA","og_description":"3 disciplines au sein de la ligue Ile de France Football Am\u00e9ricain Sport de combat collectif alliant la puissance physique \u00e0 l&rsquo;intelligence tactique, le football am\u00e9ricain, par ses qualit\u00e9s esth\u00e9tiques et son environnement festif, symbolise le concept du sport spectacle moderne. Flag Football Sport d\u00e9riv\u00e9 du football am\u00e9ricain o\u00f9 les placages sont remplac\u00e9s par l&rsquo;arrache [&hellip;]","og_url":"http:\/\/l2fa.fr\/index.php\/presentation-de-la-lffa\/","og_site_name":"LFFA","article_publisher":"https:\/\/www.facebook.com\/ETR-LFFA-1671643706485112\/","article_modified_time":"2019-10-01T09:37:48+00:00","og_image":[{"url":"http:\/\/l2fa.fr\/wp-content\/uploads\/2019\/06\/finales_senior_idf5.jpg"}],"twitter_card":"summary_large_image","twitter_misc":{"Dur\u00e9e de lecture estim\u00e9e":"2 minutes"},"schema":{"@context":"https:\/\/schema.org","@graph":[{"@type":"WebPage","@id":"http:\/\/l2fa.fr\/index.php\/presentation-de-la-lffa\/","url":"http:\/\/l2fa.fr\/index.php\/presentation-de-la-lffa\/","name":"Pr\u00e9sentation de la LFFA &mdash; LFFA","isPartOf":{"@id":"https:\/\/l2fa.fr\/#website"},"datePublished":"2019-06-03T07:58:08+00:00","dateModified":"2019-10-01T09:37:48+00:00","breadcrumb":{"@id":"http:\/\/l2fa.fr\/index.php\/presentation-de-la-lffa\/#breadcrumb"},"inLanguage":"fr-FR","potentialAction":[{"@type":"ReadAction","target":["http:\/\/l2fa.fr\/index.php\/presentation-de-la-lffa\/"]}]},{"@type":"BreadcrumbList","@id":"http:\/\/l2fa.fr\/index.php\/presentation-de-la-lffa\/#breadcrumb","itemListElement":[{"@type":"ListItem","position":1,"name":"Accueil","item":"https:\/\/l2fa.fr\/"},{"@type":"ListItem","position":2,"name":"Pr\u00e9sentation de la LFFA"}]},{"@type":"WebSite","@id":"https:\/\/l2fa.fr\/#website","url":"https:\/\/l2fa.fr\/","name":"LFFA","description":"Site officiel de la Ligue Francilienne de Football Am\u00e9ricain, de Flag Football et de Cheerleading","publisher":{"@id":"https:\/\/l2fa.fr\/#organization"},"potentialAction":[{"@type":"SearchAction","target":{"@type":"EntryPoint","urlTemplate":"https:\/\/l2fa.fr\/?s={search_term_string}"},"query-input":"required name=search_term_string"}],"inLanguage":"fr-FR"},{"@type":"Organization","@id":"https:\/\/l2fa.fr\/#organization","name":"l2fa","url":"https:\/\/l2fa.fr\/","logo":{"@type":"ImageObject","inLanguage":"fr-FR","@id":"https:\/\/l2fa.fr\/#\/schema\/logo\/image\/","url":"http:\/\/l2fa.fr\/wp-content\/uploads\/2019\/05\/logo-LFFA_shadow-e1559319879386.png","contentUrl":"http:\/\/l2fa.fr\/wp-content\/uploads\/2019\/05\/logo-LFFA_shadow-e1559319879386.png","width":500,"height":559,"caption":"l2fa"},"image":{"@id":"https:\/\/l2fa.fr\/#\/schema\/logo\/image\/"},"sameAs":["https:\/\/www.facebook.com\/ETR-LFFA-1671643706485112\/"]}]}},"_links":{"self":[{"href":"https:\/\/l2fa.fr\/index.php\/wp-json\/wp\/v2\/pages\/25"}],"collection":[{"href":"https:\/\/l2fa.fr\/index.php\/wp-json\/wp\/v2\/pages"}],"about":[{"href":"https:\/\/l2fa.fr\/index.php\/wp-json\/wp\/v2\/types\/page"}],"author":[{"embeddable":true,"href":"https:\/\/l2fa.fr\/index.php\/wp-json\/wp\/v2\/users\/1"}],"replies":[{"embeddable":true,"href":"https:\/\/l2fa.fr\/index.php\/wp-json\/wp\/v2\/comments?post=25"}],"version-history":[{"count":6,"href":"https:\/\/l2fa.fr\/index.php\/wp-json\/wp\/v2\/pages\/25\/revisions"}],"predecessor-version":[{"id":567,"href":"https:\/\/l2fa.fr\/index.php\/wp-json\/wp\/v2\/pages\/25\/revisions\/567"}],"wp:attachment":[{"href":"https:\/\/l2fa.fr\/index.php\/wp-json\/wp\/v2\/media?parent=25"}],"curies":[{"name":"wp","href":"https:\/\/api.w.org\/{rel}","templated":true}]}}